ainder when 1*5/(5/21) is divided by f.
10
Suppose 0 = -3*f + 3*u + 90, -f = 2*u + 13 - 46. Let h be (-2 + 1)/1 + -10. Let j = f + h. What is the remainder when 59 is divided by j?
19
Suppose -b = 5*l - 13, b - 3*l = 3 + 2. Let w = 0 + b. What is the remainder when 14 is divided by w?
6
Suppose -4*i = 3*m - 197, -m = -4*i - 15 - 56. What is the remainder when m is divided by 14?
11
Suppose z + 2 = 4. What is the remainder when -1 - 1 - 72/(-9) is divided by z?
0
Let q = -42 + 70. Let z(m) = m**3 + 7*m**2 - m + 3. Let s(t) = -t - 7. Let y be s(0). Calculate the remainder when q is divided by z(y).
8
Suppose -76 = -2*i + 82. What is the remainder when i is divided by 27?
25
Suppose 4*f + 10 = -f. Let r be (-2 + 0 - f) + 3. Suppose -n + 9 + 1 = 4*m, -3*n = r*m - 21. What is the remainder when n is divided by 4?
2
Suppose -x + 0*x = -4. Calculate the remainder when 48/5 - 2/(-5) is divided by x.
2
Let l(q) = -4*q + 1. Let i be 16/10 - 2/(-5). Suppose -x + 0 = 3, 4*c + i*x = -18. What is the remainder when 37 is divided by l(c)?
11
Let c(a) = -2*a**2 - 10*a - 4. Let b(k) = -k**2 - 5*k - 2. Let p(i) = -5*b(i) + 2*c(i). Let q be 9/((-6)/4*1). What is the remainder when 23 is divided by p(q)?
7
Let q(s) = -s**2 - 13*s + 6. What is the remainder when q(-11) is divided by 10?
8
Let m = 0 - -6. Let z(v) = v - 5. Let f be z(10). Calculate the remainder when 52/f + 8/(-20) is divided by m.
4
Suppose 0 = 3*u - 2*i - 67, 11 + 14 = -5*i. What is the remainder when 53 is divided by u?
15
Let m(g) = -g**3 - 43*g**2 - 157*g + 5. Let f = 36 - 21. What is the remainder when m(-39) is divided by f?
14
Suppose m - 8 = -q + 6*m, 0 = 5*m - 5. Suppose 0 = p + 5, -3*p - 205 = -5*d. What is the remainder when d is divided by q?
12
Let p(w) = 3*w + 5. Let i be p(-10). Let d = i + 51. Calculate the remainder when d is divided by 7.
5
Calculate the remainder when 33 + 12/4 + 0 is divided by 13.
10
Suppose -10 = -2*z - 0*z. Suppose -28 = -z*i - 2*a, -a + 2*a = i. What is the remainder when 14 is divided by i?
2
Suppose 0 = 2*d - 6*d + 4. Calculate the remainder when 61 is divided by (-2)/(-2) - (-20)/d.
19
Suppose 4 = -3*b + 19. Let x be (0 + 1 - 2)*-3. Suppose -w - x = -2*w. Calculate the remainder when b is divided by w.
2
Let y be 30 + (2 - (-1 + 3)). Suppose 21 = 3*r - y. What is the remainder when 33 is divided by r?
16
Let u = -16 - -132. Calculate the remainder when u is divided by 39.
38
Let b = -64 + 87. Suppose -3*u = 6, -3*c + 17 = -2*u - 23. What is the remainder when b is divided by c?
11
Let h = -11 + 8. Calculate the remainder when ((-1)/h)/(1/33) is divided by 6.
5
Let m(u) = -8*u - 8. What is the remainder when m(-7) is divided by 2 + 33/(-15) - (-528)/40?
9
Suppose 2*k = -5 + 1. What is the remainder when 50 is divided by (-27)/k - 1/2?
11
Let o(c) = 5*c**3 - c**2 + c - 1. Let n be o(1). Suppose -n*h = -37 - 15. What is the remainder when h is divided by 7?
6
Let g = -2 + -9. Let b = g - -16. What is the remainder when 13 + 0/((-16)/(-4)) is divided by b?
3
Let l(s) = -s**2 + 11*s - 6. What is the remainder when l(4) is divided by 12?
10
Let d(m) = m**3 - 12*m**2 + 14*m - 24. Calculate the remainder when d(11) is divided by 3.
0
Let d(a) = -7*a**3 - a**2 + a + 1. Calculate the remainder when 22 is divided by d(-1).
4
Suppose h - 2*h + 1 = 0, 35 = 4*g - h. What is the remainder when 35 is divided by g?
8
Suppose -2*w + 17 = 5*f - 12, -2*w - 3*f + 19 = 0. Calculate the remainder when -1 + 14 - (w - 0) is divided by 6.
5
Let k = 3 + 2. Suppose -56 = -k*h + 29. Suppose -2*s - h = -3*s. What is the remainder when 49 is divided by s?
15
Let i = -8 + 88. What is the remainder when i is divided by 27?
26
Let t = -3 - -32. Suppose 0 = -5*u + 4*c + 30, -4*u + 0*c + 30 = -2*c. Calculate the remainder when t is divided by u.
9
Let z = 203 - 122. Let u be (-128)/(-3) + 2/(-3). Let r = z - u. Calculate the remainder when r is divided by 20.
19
Let k(x) = -3*x**3 - 4*x**2 + x - 1. What is the remainder when k(-3) is divided by 15?
11
Suppose 2*c = 3*c - 4, 4*z - 5*c = -84. Let x = -10 - z. Calculate the remainder when 17 is divided by x.
5
Suppose 0 = 3*h - 5*h + 20. Let q = 44 + -16. What is the remainder when q is divided by h?
8
Let p(b) = b - 1. What is the remainder when 23 is divided by p(14)?
10
Let t = 0 + 2. Let x = 5 + t. Calculate the remainder when 26 is divided by x.
5
Let t(c) be the first derivative of -1 + c**2 + 9*c + 2 + 0. What is the remainder when t(8) is divided by 13?
12
Calculate the remainder when (-10 - -112)*(0 - (-1)/3) is divided by 9.
7
What is the remainder when (37/(-2))/(3/(-6)) is divided by ((-20)/(-6))/((-9)/(-27))?
7
Let a(z) = 4*z**2 - 4*z + 3. What is the remainder when a(2) is divided by 5?
1
Calculate the remainder when (11 - (0 - 4))*1 is divided by 5.
0
Let u = -9 + 13. Let b(p) = p**3 + 4*p**2 - 7*p - 3. Suppose 3*f - 5 = 4*f. What is the remainder when b(f) is divided by u?
3
Suppose q + 2*q - 2*w - 199 = 0, 2*q - 4*w = 146. Calculate the remainder when q is divided by 11.
8
Let y = -85 + 99. Let f(a) = -a**2 - 13*a - 1. Calculate the remainder when f(-6) is divided by y.
13
Suppose -7 = i - 22. Calculate the remainder when i is divided by 8.
7
Suppose 11*b = 59 + 95. What is the remainder when 54 is divided by b?
12
What is the remainder when 58 is divided by ((-30)/8)/(1/(-4))?
13
Suppose 2*n - 19 = 127. Calculate the remainder when n is divided by 19.
16
Suppose -4*f - 8 = -3*f. Suppose 10 = -3*q - 68. What is the remainder when 7 is divided by q/(-8) + 2/f?
1
Suppose -14 = -2*y - 0*y. Let w = -4 + y. Suppose 0 = 3*h + w*l - 63, -2*h + l - 2*l = -43. Calculate the remainder when 64 is divided by h.
20
Suppose 0*l - 4*l = -48. What is the remainder when 3/(27/412) + 166/747 is divided by l?
10
What is the remainder when 43 is divided by (3/2)/((-10)/(-100))?
13
Let q be 3/3 - 8/2. Let r = 3 - q. Calculate the remainder when 10 is divided by r.
4
Suppose 5*q - 10 = 3*q. Suppose q*b - 15 = 2*b. What is the remainder when 2/b - (-48)/5 is divided by 4?
2
What is the remainder when (-4)/26 - ((-132)/13)/1 is divided by 4?
2
Let a be 6/8 + (-26)/(-8). Suppose a*h = -3*m + 2*h + 80, -32 = -m + 2*h. Let k(p) = 5*p - 5. What is the remainder when m is divided by k(4)?
13
Let c = -95 + 171. Suppose -2*q + c = 4*i, -q + 3*q + 5*i - 77 = 0. What is the remainder when q is divided by 13?
10
Let b(z) = z + 3. Let a be b(-2). Let o(s) = 16*s**2 - s + 1. What is the remainder when 30 is divided by o(a)?
14
Let g(u) = -u - 7. Suppose -34 = 5*i - 119. Suppose 2*p - 5 = i. Calculate the remainder when p is divided by g(-11).
3
Let u = 68 + -30. Calculate the remainder when u is divided by (-1)/((-3)/(37 - -2)).
12
Let r = 142 + -115. What is the remainder when r is divided by 15?
12
Let j(q) = -2*q + 1 - 3 + 9*q - q**2. What is the remainder when 17 is divided by j(6)?
1
Suppose -6 - 1 = -c. Let f = c + -10. Let g = 4 + f. Calculate the remainder when 1 is divided by g.
0
Let v = 79 - 48. Suppose 4*w = 3*u - 0*w + 47, 0 = -3*u - 3*w - 75. Let q = u + 32. What is the remainder when v is divided by q?
9
Let o be (3 - 18) + 0 - -3. Let b = o - -25. Suppose 3*n + 5*u - 40 = 0, -4*n = 5*u - 63 + b. What is the remainder when 19 is divided by n?
9
Suppose 4 = -5*g + 19. Calculate the remainder when -11*-2*g/2 is divided by 9.
6
Let q = 2 + 0. Suppose 0*y = 5*y - 5*g - 110, -q*y + 36 = 2*g. Calculate the remainder when y is divided by 11.
9
Suppose 2*f + 12 = 54. Calculate the remainder when 39 is divided by f.
18
Let h = 18 + -30. What is the remainder when 23 + (h/3)/2 is divided by 12?
9
Suppose 4 - 1 = w. Let z = 15 - 4. Calculate the remainder when z is divided by w.
2
Calculate the remainder when (8/(-12))/(-1)*48 is divided by 11.
10
Suppose 7 = 5*j - 118. Suppose 0 = 2*a - 3*a. Suppose -3*d + 4*d - j = a. Calculate the remainder when d is divided by 9.
7
Let z(r) = -r**2 - 14*r - 14. What is the remainder when z(-11) is divided by 11?
8
Suppose 0 = -4*p + 190 - 58. Let a(b) = b + 4. Let h be a(-4). What is the remainder when p is divided by h - -3 - -17 - 3?
16
Suppose -160 = -3*y + 4*m + 78, 5*m = 3*y - 236. What is the remainder when y is divided by 21?
19
Suppose -6 = 2*k, -3*r + 0*k - 4*k = -21. Suppose -2*w + r - 2 = 3*j, w = -4*j +